). Let u(j) = -2*j - 1. Let x be u(1). List the prime factors of g*2/4*40/x.
2, 5
Let i(n) = n - 21. Let r be i(23). What are the prime factors of (r - 722)/(9/18 + -2)?
2, 3, 5
Let c be (-6)/2 + -2 + 159. Suppose 150*l - c*l + 548 = 0. List the prime factors of l.
137
Let g(f) = 3*f - 36. Let n be g(20). Suppose 22*a + 8 = n*a. What are the prime factors of 56*(-2)/a*-2?
2, 7
Let s(x) = 779*x + 208. List the prime factors of s(13).
3, 5, 13, 53
List the prime factors of -9*2/(-42) + (-28960)/(-14).
2069
Let t(x) = x**2 + 18*x - 18. Let f be t(-19). Let j(v) = f + 4*v**3 - 37*v**3 + 0 - 11*v**3. List the prime factors of j(-1).
3, 5
Suppose 20 = 5*d, -r + 2*d - 4*d + 12 = 0. Let k = 12 - r. Suppose n = -n + k. List the prime factors of n.
2
Suppose 5*v - 4*y + 16 = 2*v, -3*v - 61 = 5*y. Suppose j = 2, -4*i + 2*j + 2*j = -1180. What are the prime factors of (-2)/(v*50/i - -2)?
3, 11
Suppose 5*p - 4484 = -3*r + 701, 3*r - 3*p - 5217 = 0. Suppose 0 = -8*a - 599 + r. What are the prime factors of a?
2, 71
Suppose 262*u - 9230044 = 1175525 - 2131085. What are the prime factors of u?
2, 15791
Suppose -114106 = -17*h + 195617. What are the prime factors of h?
3, 6073
Suppose -y = -5*y - 920. Let z be (-1 - 146) + ((-2)/(-4))/((-16)/(-64)). Let v = z - y. What are the prime factors of v?
5, 17
Let d(p) = 2*p**3 - 46*p**2 + 31*p - 1028. What are the prime factors of d(32)?
2, 3, 7, 73
Let a = -17711 + 66334. List the prime factors of a.
48623
Let y(w) = 4 - w**3 - 30*w**2 + 5*w + 24*w**2 - 15. Let o be y(-7). Suppose o*r = r + 288. List the prime factors of r.
2, 3
Let g be 9/((-702)/(-48581)) - (-2)/12. Suppose 5*z - g = 1002. List the prime factors of z.
5, 13
Suppose 16131 - 19232 = -196*i + 20615. Suppose 3*z = -5*c + 3*c + 156, -2*c + 136 = -2*z. Let f = c + i. List the prime factors of f.
193
Let a = 1023 - 460. Suppose -a - 346 = -2*f + h, f + h = 447. List the prime factors of f.
2, 113
List the prime factors of 10094 - ((-169)/52 + 3/12).
23, 439
Let q = -343 + 347. What are the prime factors of 508 - -2 - 0*q/(-28)?
2, 3, 5, 17
List the prime factors of (-282238)/(-12) - ((-322)/420 - 45/(-75)).
2, 3, 5, 7
Let u(c) = c**3 + 44*c**2 + 190*c - 173. List the prime factors of u(-39).
2, 11
Let w(k) = -k**2 + 5*k - 3. Let o be w(3). Let z(h) = 97*h + 7. Let r be z(o). Let t = -206 + r. List the prime factors of t.
2, 23
Let a = 113313 + -50650. List the prime factors of a.
223, 281
Let l(b) be the second derivative of 3*b**4/4 + 2*b**3 + 7*b**2/2 + 80*b. What are the prime factors of l(-8)?
487
Suppose 0*z = 19*z. What are the prime factors of -1 - (-386 + z)/(5/5)?
5, 7, 11
Let w be 1548/24*8/6. Let m be (-4)/(-10)*((-12)/4 + 8). Suppose m*o + 2*s = 90, o + 3*s = -o + w. List the prime factors of o.
7
Suppose 59*y + 61*y - 2017440 = 0. What are the prime factors of y?
2, 3, 467
Let o(i) = -1768*i**3 + i**2 - 6*i - 19. List the prime factors of o(-3).
2, 373
Suppose 2*r + 358 = -5*j, -2*j - 215 = 2*r + 155. Let i = -17 - r. Suppose -12*a + i = -188. List the prime factors of a.
2, 3, 5
Suppose -107*v + 108*v = -142. Let x = v - -293. List the prime factors of x.
151
Let z be (-10)/15*18/(-2). Suppose a = -a - z. What are the prime factors of a/(-1) - (-340)/4?
2, 11
Let v(b) = -300*b**3 + b**2 + 2*b + 2. Let o be v(-1). Suppose -133 = -2*s + 3*y, 13*s - 3*y = 18*s - o. List the prime factors of s.
2, 31
Let n(i) = 2*i**3 + 116*i**2 + 184*i - 90. List the prime factors of n(-53).
2, 2281
Suppose -4*z + 10 = -2*g, -17 = 4*g - 3*z - 2*z. What are the prime factors of 3/(g/(-1427)) + 0?
1427
Suppose -x = -5*j - 0*x - 4, 0 = 2*x + 2. Let t be (j*4)/(11 + -12). Suppose 2*c - 5*s = -13 + 87, -38 = -2*c - t*s. What are the prime factors of c?
3
Suppose 18*y - 16*y - 5*z = 3814, -4*y - 3*z = -7602. What are the prime factors of y?
2, 3, 317
Let v(m) = m**3 - 10*m**2 - 23*m + 16. Let s be v(12). Let a(q) = -2*q**2 - 3*q - 3. Let p be a(-4). Let z = p + s. What are the prime factors of z?
5
Suppose h - z - 210 = 543, 4*z = -2*h + 1536. List the prime factors of h.
2, 379
What are the prime factors of 0 - -6457 - (6 + (-56)/8)?
2, 3229
Let c(j) = -j**3 - 6*j**2 + 7*j + 7. Let z be c(-7). What are the prime factors of (z - 87/12)*-1076?
269
Suppose -v - 4*j + 14 = 2*v, v = j. Suppose -s + 282 = v*s. Suppose -q + k + 62 = -2*k, q + 5*k = s. What are the prime factors of q?
2, 37
Let g(t) = -3 - 81*t - 2 + 85*t. Let y(m) = m + 20. Let d be y(-15). List the prime factors of g(d).
3, 5
Suppose -5 = -p - 5*a, 4*a = 3*p - 13 - 2. Suppose 3*d + y - 791 = -272, 5*d - p*y = 865. List the prime factors of d.
173
Suppose -2*y - 30 = 5*j, -3*j - 5*y + 7 = 44. What are the prime factors of 839 + (1/(-1))/(j/8)?
29
Suppose -u - 7*j = -3*j - 1031, 0 = -4*j + 20. Suppose 5*n - 2260 = 4*o + 2800, -o = -n + u. What are the prime factors of n?
2, 127
Let s = 3188 + 44862. What are the prime factors of s?
2, 5, 31
Let c(b) = 7*b**2 - 2*b + 3608. Let n be c(0). What are the prime factors of ((-210)/8)/((-123)/n)?
2, 5, 7, 11
List the prime factors of 9/(-26) + 22/(-143) + (-29197)/(-2).
2, 3, 811
Let o = -4115 + 5973. Let x be o/12 - 3 - 1/(-6). Suppose -4*g = 32 - x. What are the prime factors of g?
2, 3, 5
Let t = 5 + 3. Suppose -5*o + t*o - 12 = 0. Suppose 0 = 5*y + k - 758, 0*y + 2*k = -o*y + 610. What are the prime factors of y?
151
Let q(n) = 40*n**3 - n + 4. Let u be q(-2). Let j = u - -566. List the prime factors of j.
2, 3, 7
Suppose -20459*b - 1751210 = -20496*b. List the prime factors of b.
2, 5, 4733
Let n(f) = f - 15. Let l be n(11). Let g(b) = -b**3 - 5*b**2 - 5*b - 1. Let x be g(l). Suppose 5*k - x*k = 58. List the prime factors of k.
29
Let c(q) = 2*q**3 + 132*q**2 + 105*q + 111. List the prime factors of c(-65).
2, 7, 31
Suppose 142 = -4*h - 114. Let c = -61 - h. Suppose c*z - 4*z = -3. List the prime factors of z.
3
Let a(r) = 52*r**2 + 6*r - 19. Let v be a(-6). Let o = v + -655. List the prime factors of o.
2, 7, 83
Let d = -101 - -117. Let u(v) = v**3 - 16*v**2 + 3*v - 22. List the prime factors of u(d).
2, 13
Suppose 182*n + 171*n + 1467200 = 373*n. List the prime factors of n.
2, 5, 7, 131
Suppose 92 = -33*q + 56*q. Let f(s) = 11*s + 1 + 4*s - 4. List the prime factors of f(q).
3, 19
Let w = -38 - -52. Suppose w = 2*n + 5*m, -2*m - 3 - 3 = -5*n. Suppose 206 = n*y + 2*z, -7*z = 4*y - 4*z - 414. What are the prime factors of y?
3, 5, 7
Suppose 4*l - 987 = -3*t + 12, 0 = -4*t - l + 1345. Let y = -64 + t. What are the prime factors of y?
3, 7, 13
Suppose 0 = 5*f - v - 25781, 19*v = 20*v - 4. What are the prime factors of f?
3, 191
Suppose -25302 = 14*j + 10*j - 430806. List the prime factors of j.
2, 3, 11
Suppose -5*q - 27 + 8 = -t, 0 = 4*q + 3*t. Let c = 13 - q. Suppose -s + c = -0. What are the prime factors of s?
2
Let b = -131 + 213. Suppose 1176 = -1768*o + 1776*o. Let h = o - b. List the prime factors of h.
5, 13
Suppose m - 6 = 4*m. Let l = 8 + m. Suppose 0 = 3*g + l*g - 198. List the prime factors of g.
2, 11
Let f = -46 - -51. Suppose -f*d + 2 = 2. Suppose d*b - 348 = -6*b. What are the prime factors of b?
2, 29
Suppose 0 = -110*h - 6*h + 321436. List the prime factors of h.
17, 163
Suppose -545*u + 56892 = -537*u - 21524. List the prime factors of u.
2, 13, 29
Suppose -78*i = -46*i - 813472. List the prime factors of i.
11, 2311
Let h(m) = m**3 - 16*m**2 - 11*m + 27. Let q(u) = -u. Let x(l) = h(l) - 2*q(l). Let f = -12 - -29. List the prime factors of x(f).
163
Let x(i) = i**2 - 21*i + 14. Let o be x(21). Suppose 2368 = 18*k - o*k. Suppose -68 = -5*g + k. List the prime factors of g.
2, 3, 11
Suppose 0 = 4*j + 20, -3*w + j - 1458 = -4316. List the prime factors of w.
3, 317
Let s(m) = 6488*m + 67. List the prime factors of s(1).
3, 5, 19, 23
Let d = -21 + 26. Suppose -5*l + 3*c + 125 = -433, c - 554 = -d*l. List the prime factors of l.
3, 37
Let i = -184 + 2561. Let z = i - 1201. List the prime factors of z.
2, 3, 7
Let o(v) = 11*v**2 - 11*v + 10. Let z be (-1 + 4)/((-15)/(-20)). Suppose 0*t + t - 25 = 5*r, 21 = t - z*r. List the prime factors of o(t).
2, 5, 23
Let y = 92 + -98. What are the prime factors of (-558)/(-6) - (y/2 + 4)?
2, 23
Let u(k) = 183*k + 92*k + 11 - 44*k + 248*k + 3. What are the prime factors of u(3)?
1451
Let l(v) = 40634*v**